st the prime factors of 45436.
2, 37, 307
List the prime factors of 679.
7, 97
What are the prime factors of 649?
11, 59
What are the prime factors of 2803?
2803
List the prime factors of 10036.
2, 13, 193
List the prime factors of 3731.
7, 13, 41
What are the prime factors of 45779?
45779
What are the prime factors of 1310?
2, 5, 131
What are the prime factors of 28573?
28573
List the prime factors of 3220.
2, 5, 7, 23
List the prime factors of 633.
3, 211
What are the prime factors of 28685?
5, 5737
What are the prime factors of 3247?
17, 191
List the prime factors of 11794.
2, 5897
What are the prime factors of 1985?
5, 397
What are the prime factors of 1060?
2, 5, 53
List the prime factors of 114672.
2, 3, 2389
What are the prime factors of 34316?
2, 23, 373
What are the prime factors of 8977?
47, 191
List the prime factors of 9008.
2, 563
What are the prime factors of 98352?
2, 3, 683
What are the prime factors of 2086?
2, 7, 149
What are the prime factors of 5293?
67, 79
List the prime factors of 346.
2, 173
What are the prime factors of 8961?
3, 29, 103
What are the prime factors of 2061?
3, 229
What are the prime factors of 3253?
3253
List the prime factors of 30691.
47, 653
What are the prime factors of 2963?
2963
What are the prime factors of 1592?
2, 199
List the prime factors of 131.
131
List the prime factors of 64.
2
List the prime factors of 4811.
17, 283
List the prime factors of 57107.
57107
What are the prime factors of 21075?
3, 5, 281
What are the prime factors of 2165?
5, 433
What are the prime factors of 2382?
2, 3, 397
List the prime factors of 76256.
2, 2383
List the prime factors of 3311.
7, 11, 43
List the prime factors of 851.
23, 37
List the prime factors of 31776.
2, 3, 331
What are the prime factors of 7955?
5, 37, 43
What are the prime factors of 15824?
2, 23, 43
List the prime factors of 780.
2, 3, 5, 13
What are the prime factors of 795?
3, 5, 53
List the prime factors of 8382.
2, 3, 11, 127
List the prime factors of 6702.
2, 3, 1117
What are the prime factors of 15608?
2, 1951
List the prime factors of 106876.
2, 7, 11, 347
List the prime factors of 2686.
2, 17, 79
What are the prime factors of 123607?
11, 17, 661
What are the prime factors of 1727?
11, 157
List the prime factors of 1092.
2, 3, 7, 13
List the prime factors of 1794.
2, 3, 13, 23
List the prime factors of 4741.
11, 431
List the prime factors of 68623.
163, 421
What are the prime factors of 1941?
3, 647
What are the prime factors of 53523?
3, 19, 313
List the prime factors of 58438.
2, 61, 479
What are the prime factors of 26000?
2, 5, 13
List the prime factors of 1240.
2, 5, 31
What are the prime factors of 60163?
17, 3539
What are the prime factors of 2160?
2, 3, 5
List the prime factors of 46612.
2, 43, 271
What are the prime factors of 132901?
347, 383
List the prime factors of 15814.
2, 7907
List the prime factors of 2929.
29, 101
What are the prime factors of 8696?
2, 1087
What are the prime factors of 959?
7, 137
List the prime factors of 4751.
4751
What are the prime factors of 6584?
2, 823
What are the prime factors of 11789?
11789
List the prime factors of 1565.
5, 313
List the prime factors of 15155.
5, 7, 433
List the prime factors of 3075.
3, 5, 41
List the prime factors of 1379.
7, 197
What are the prime factors of 21025?
5, 29
List the prime factors of 2980.
2, 5, 149
What are the prime factors of 2435?
5, 487
What are the prime factors of 51100?
2, 5, 7, 73
What are the prime factors of 28117?
31, 907
List the prime factors of 2752.
2, 43
What are the prime factors of 3598?
2, 7, 257
What are the prime factors of 4293?
3, 53
What are the prime factors of 4216?
2, 17, 31
What are the prime factors of 354?
2, 3, 59
List the prime factors of 2.
2
What are the prime factors of 2194?
2, 1097
What are the prime factors of 11285?
5, 37, 61
What are the prime factors of 18742?
2, 9371
What are the prime factors of 5640?
2, 3, 5, 47
What are the prime factors of 2468?
2, 617
What are the prime factors of 2586?
2, 3, 431
What are the prime factors of 2139?
3, 23, 31
What are the prime factors of 552?
2, 3, 23
List the prime factors of 2975.
5, 7, 17
List the prime factors of 25915.
5, 71, 73
What are the prime factors of 9724?
2, 11, 13, 17
List the prime factors of 1096.
2, 137
List the prime factors of 7560.
2, 3, 5, 7
What are the prime factors of 72364?
2, 79, 229
List the prime factors of 4305.
3, 5, 7, 41
What are the prime factors of 29957?
29, 1033
What are the prime factors of 160324?
2, 149, 269
What are the prime factors of 1631?
7, 233
What are the prime factors of 132177?
3, 44059
What are the prime factors of 40528?
2, 17, 149
What are the prime factors of 979?
11, 89
List the prime factors of 11212.
2, 2803
List the prime factors of 1748.
2, 19, 23
List the prime factors of 35098.
2, 7, 23, 109
List the prime factors of 6434.
2, 3217
What are the prime factors of 93808?
2, 11, 13, 41
List the prime factors of 97064.
2, 11, 1103
What are the prime factors of 1238?
2, 619
List the prime factors of 10482.
2, 3, 1747
List the prime factors of 1582.
2, 7, 113
What are the prime factors of 3666?
2, 3, 13, 47
What are the prime factors of 2023?
7, 17
What are the prime factors of 5531?
5531
What are the prime factors of 9727?
71, 137
What are the prime factors of 11214?
2, 3, 7, 89
What are the prime factors of 3497?
13, 269
What are the prime factors of 46503?
3, 5167
List the prime factors of 3410.
2, 5, 11, 31
List the prime factors of 5298.
2, 3, 883
List the prime factors of 238.
2, 7, 17
List the prime factors of 55.
5, 11
List the prime factors of 467.
467
What are the prime factors of 986?
2, 17, 29
What are the prime factors of 15734?
2, 7867
What are the prime factors of 83868?
2, 3, 29, 241
What are the prime factors of 96?
2, 3
What are the prime factors of 22348?
2, 37, 151
List the prime factors of 7320.
2, 3, 5, 61
List the prime factors of 21892.
2, 13, 421
What are the prime factors of 3249?
3, 19
List the prime factors of 1832.
2, 229
List the prime factors of 1157.
13, 89
What are the prime factors of 52197?
3, 127, 137
List the prime factors of 183507.
3, 61169
What are the prime factors of 21967?
11, 1997
What are the prime factors of 15514?
2, 7757
What are the prime factors of 11607?
3, 53, 73
List the prime factors of 64.
2
What are the prime factors of 25826?
2, 37, 349
What are the prime factors of 2477?
2477
List the prime factors of 9273.
3, 11, 281
List the prime factors of 18043.
18043
What are the prime factors of 3813?
3, 31, 41
What are the prime factors of 3868?
2, 967
What are the prime factors of 516?
2, 3, 43
What are the prime factors of 16619?
16619
What are the prime factors of 1703?
13, 131
List the prime factors of 1635.
3, 5, 109
List the prime factors of 33651.
3, 3739
List the prime factors of 3479.
7, 71
List the prime factors of 1582.
2, 7, 113
List the prime factors of 39671.
39671
List the prime factors of 7426.
2, 47, 79
What are the prime factors of 353?
353
What are the prime factors of 19001?
19001
List the prime factors of 10615.
5, 11, 193
What are the prime factors of 14484?
2, 3, 17, 71
What are the prime factors of 973?
7, 139
What are the prime factors of 7237?
7237
List the prime factors of 2763.
3, 307
What are the prime factors of 81?
3
List the prime factors of 2945.
5, 19, 31
List the prime factors of 24692.
2, 6173
What are the prime factors of 1088?
2, 17
What are the prime factors of 1737?
3, 193
What are the prime factors of 14806?
2, 11, 673
What are the prime factors of 8540?
2, 5, 7, 61
What are the prime factors of 9235?
5, 1847
List the prime factors of 71466.
2, 3, 43, 277
What are the prime factors of 888?
2, 3, 37
List the prime factors of 8088.
2, 3, 337
List the prime factors of 8933.
8933
List the prime factors of 120508.
2, 47, 641
What are the prime factors of 2305?
5, 461
List the prime factors of 95.
5, 19
List the prime factors of 1769.
29, 61
What are the prime factors of 36119?
19, 1901
What are the prime factors of 1947?
3, 11, 59
What are the prime factors of 3780?
2, 3, 5, 7
List the prime factors of 3080.
2, 5, 7, 11
List the prime factors of 63064.
2, 7883
What are the prime factors of 2198?
2, 7, 157
What are the prime factors of 1033?
1